(-4). Calculate the highest common factor of a and z.
17
Let u(g) = -415*g + 2085. Let m be u(5). What is the greatest common factor of m and 470?
10
Let f be 14/((-2)/1*1) + 19. Calculate the greatest common factor of f and 116.
4
Let v be ((-3 - -1) + -23)/((-15)/900). What is the highest common divisor of 108 and v?
12
Suppose -237*v - 5079 - 87013 = -167*v - 714*v. Let c be ((-1)/(-2))/((-2)/(-104)). What is the greatest common divisor of c and v?
13
Let f(v) = 4*v - 36. Let l be f(9). Suppose l = 42*g - 36*g - 84. Calculate the highest common factor of 21 and g.
7
Suppose 3*j = -8*j + 1804. Calculate the greatest common factor of 164 and j.
164
Let j be (100/(-7))/((-118)/5782). Calculate the greatest common divisor of j and 1000.
100
Let h = 42 + -43. Let t be (144/(3 - h) - 1)*1. Let f be 141/21 + (-2)/(-7). What is the greatest common divisor of t and f?
7
Let r(k) = -113*k + 113. Let t be r(3). Let v be 103/2 - -1 - (-113)/t. Let y(d) = d**2 + d - 3. Let n be y(6). Calculate the highest common factor of v and n.
13
Let g(l) = -2085*l - 10317. Let x be g(-5). What is the highest common divisor of x and 1716?
12
Suppose -27*v + 13986 + 25344 = -4*v. Calculate the highest common factor of 270 and v.
90
Let l(h) = h**2 - 20*h - 1. Let i be l(20). Let n = -1 - i. Suppose -363 = -3*q - n*q - s, 4*s = -q + 132. Calculate the greatest common factor of 80 and q.
40
Suppose -3*f = -4*h - f + 52, -2*f + 4 = 0. Suppose 5*i + 4*j = 451, 5*i - 282 = -3*j + 165. Let x = i + -45. Calculate the highest common factor of x and h.
14
Suppose 22*t = -12*t + 14858. Calculate the highest common factor of 513 and t.
19
Let n(u) = -2*u**3 - 11*u**2 + 9*u + 156. Let p be n(-7). Calculate the greatest common factor of 32 and p.
16
Suppose -3*x = -0*x - 5*d - 38, 26 = 5*x + d. Suppose x*c = -1126 + 3604. What is the greatest common factor of 59 and c?
59
Let p be (-1186)/(-8) - (-3 + 13/4). Suppose -3*w + 3*u + 114 = w, u + p = 5*w. What is the greatest common divisor of w and 30?
30
Let l = -32643 - -33073. Let o(k) = 3*k - 10. Let n be o(10). Calculate the greatest common divisor of l and n.
10
Suppose 4*r = r + 6. Let c be r/(-3) - 1432/(-6). Suppose 4*o - 121 = -5*q, 3*q - 122 = -4*o + 5. Calculate the greatest common factor of c and o.
34
Suppose 2101*k = 2099*k + 1092. What is the highest common factor of k and 9646?
182
Let o = -8998 - -9015. Calculate the highest common factor of 1649 and o.
17
Let x(c) = -2*c - 2. Suppose -v + 4 = 5*h - 0*h, -v + 4*h = 5. Let s be x(v). Suppose 3*a + 3*a - 36 = s. Calculate the greatest common factor of a and 4.
2
Let n be (96/56)/(2/63). Let t = n + -51. Suppose t*g - 45 = -2*f + 5*f, 5*g - 3*f = 67. What is the highest common divisor of g and 1?
1
Let s = 679 + 1022. What is the greatest common divisor of s and 21?
21
Suppose -2*n = -4, 6*o - 1280 = 2*o - 4*n. Let s = o + -247. Calculate the greatest common divisor of s and 1136.
71
Let b be (-2)/6 - (-43)/3. Suppose 2*l + 526 = 5*p - 1716, 5*p - 3*l - 2243 = 0. Calculate the highest common divisor of p and b.
14
Suppose -841*n - 405 = -4*w - 836*n, 0 = -w - 5*n + 145. What is the highest common factor of w and 495?
55
Let l = -104 - -111. Let k(w) = -w**3 + 10*w**2 - 10*w - 11. Let f be k(l). What is the greatest common divisor of 132 and f?
66
Suppose -20*b - 4*t - 2526 = -22*b, -4*b + 5064 = -4*t. What is the greatest common divisor of 9 and b?
9
Let i(h) = -234*h - 15672. Let g be i(-67). Suppose 0 = -0*x - x + 4. Suppose 0 = w - x*w + 6. What is the greatest common divisor of w and g?
2
Let u be (-1)/(-3) + (-26373)/(-1341). What is the greatest common divisor of u and 1030?
10
Let r = -1162 + 2565. What is the greatest common factor of r and 23?
23
Let l(p) be the first derivative of p**4/4 - p**3 + 2*p**2 - 6*p + 22. Let u be l(4). Let t = 164 + -34. What is the highest common divisor of u and t?
26
Let i(r) = -415*r**3 - 10*r**2 - 16*r - 1. Let a be i(-2). What is the greatest common divisor of a and 77?
77
Suppose 5*n + 124800 = 21*n. Suppose -23*l = -10*l - n. What is the highest common divisor of l and 50?
50
Let w = 36576 - 36564. What is the highest common divisor of w and 59028?
12
Let x = 1804 + -443. Let k = x - 731. Calculate the greatest common divisor of 45 and k.
45
Let v be (-927)/7 - 11/(385/20). Let h = v + 199. Calculate the highest common divisor of h and 2.
2
Let m be ((-2684)/(-11) - (2 + 0))/(4/30). Calculate the greatest common factor of m and 121.
121
Let p = 812 + -801. Let k(w) = 12*w**3 - w. Let d be k(1). Calculate the highest common factor of p and d.
11
Suppose -d = 2*o - 10, -7*d + 4 = 2*o - 3*d. Suppose -10*i = y - o*i - 8, -y + i + 8 = 0. Calculate the greatest common factor of 232 and y.
8
Suppose 600 = -2*s - 2*s. Let k = 153 + s. Calculate the greatest common divisor of 24 and k.
3
Let a(x) = -x**3 + 9*x**2 - 5*x + 183. Let f be a(10). Suppose -4*i + 49 = f*s - 30*s, 78 = 4*s - i. What is the greatest common factor of 3 and s?
1
Let k(v) = -11*v**3 + 3*v**2 - 121*v + 68. Let n be k(-12). Calculate the greatest common divisor of 160 and n.
160
Let u = 33 + 165. Let x be (33/(-9))/((30/(-3))/60). Calculate the highest common divisor of x and u.
22
Let a(j) = 75*j - 2 - 1 - 76*j. Let o be a(-9). Let y(b) = 5*b + 16. Let x be y(o). Calculate the greatest common divisor of 69 and x.
23
Let x(n) = -n**3 + 20*n**2 - 16*n + 336. Let l be x(20). What is the greatest common factor of l and 5008?
16
Let d(y) = 77*y - 5556. Let p be d(73). What is the greatest common factor of 1937 and p?
13
Suppose -2*i = -i - 69. Let w(l) = 41*l**3 + 3*l**2 + 14*l - 3. Let n be w(3). What is the highest common factor of i and n?
69
Let c be (-3)/(27/6) - 407008/(-168). What is the highest common factor of 14 and c?
14
Suppose -2*y + s + 19 = 0, y + 3*s = -2*y + 24. Let o be (y/5)/(4/20). What is the highest common factor of 81 and o?
9
Suppose -3*b - 605*d + 601*d = -788, -530 = -2*b + 2*d. Let m(z) = 2*z**3 + z**2 + z + 2. Let r be m(2). Calculate the highest common divisor of b and r.
24
Let g(z) = z**2 - 8*z + 8. Let q be g(7). Let o be (22/5)/(q + (-6)/10). What is the greatest common divisor of 473 and o?
11
Suppose 9 = 2*u - 35. Suppose -u - 23 = -x. Let r = -142 + 147. What is the highest common divisor of r and x?
5
Suppose -8*q + 4400 = 1488. Let x = -282 + q. What is the highest common divisor of x and 123?
41
Let i(q) = 6*q**2 - 8*q + 7. Let c be i(1). Let d = c - 0. Calculate the greatest common divisor of 15 and d.
5
Let v = -3916 + 3974. Calculate the greatest common factor of v and 3828.
58
Let y(h) be the second derivative of -h**4/12 - 8*h**3/3 - 45*h**2/2 + 27*h - 4. Let o be y(-12). Calculate the greatest common factor of 174 and o.
3
Let q be (-468928)/(-128) + (-2)/4. What is the highest common factor of q and 18?
9
Let p = 64 + -71. Let l(r) = -r**3 - 7*r**2 - 4*r - 30. Let z be l(p). Let n be (-31)/z - -3*2/12. What is the greatest common divisor of 40 and n?
8
Let s be 187/17*((-7)/28)/(22/(-848)). What is the greatest common divisor of 18709 and s?
53
Let j = 24 + -58. Let z be 16/16*(0 - -53). Let v = j + z. Calculate the highest common divisor of v and 76.
19
Let t(m) = -m**2 - 17*m - 61. Let l be t(-6). Suppose l*a + 2*f - 11 = 0, -3*f - 1 = 3*a + 2*f. Calculate the highest common factor of 1 and a.
1
Suppose -2*i - 5*o = 21, -i = 4*i + 5*o + 75. Let g = 54 + i. Calculate the greatest common divisor of 18 and g.
18
Suppose 52*w - 2213 = -104 + 1011. What is the highest common factor of 17 and w?
1
Let y be (-42)/4*4/(-7). Let n be 819/14 + 9/y. Calculate the highest common factor of 100 and n.
20
Suppose 646 + 7 = 24*a - 19. What is the greatest common factor of 166 and a?
2
Let i(a) = 39*a + 30. Let k be i(-4). Let j = k + 156. What is the greatest common factor of 40 and j?
10
Suppose -2359 + 2653 = 3*t. What is the greatest common factor of 70 and t?
14
Suppose 111 = 3*u + 98*i - 99*i, -u = -i - 39. What is the greatest common factor of u and 486?
18
Let n be (75/(-21) + 4)/(1/7). Suppose 4*c + 45 = 5*c - n*w, 115 = 2*c - w. What is the greatest common divisor of c and 24?
12
Let x(i) = 17*i**3 + 2*i**2 - 1. Let j be x(1). Suppose -j = 3*b - 24. Calculate the greatest common factor of b and 2.
2
Let h be (-28 + (-5890